hat is -47762 - 1?
-47763
In base 12, what is -28 + 84?
58
In base 14, what is -22d + -5b4?
-803
In base 7, what is -14 + -14316?
-14333
In base 13, what is -1 + 136681?
136680
In base 2, what is 111 - 1000011101011?
-1000011100100
In base 9, what is 747562 - -1?
747563
In base 11, what is 20802 + -1?
20801
In base 5, what is -1041320114 - 3?
-1041320122
In base 4, what is 1020 - -122103?
123123
In base 10, what is 1 + -22807?
-22806
In base 6, what is 210 - 234?
-24
In base 10, what is 64330 + -6?
64324
In base 4, what is -20220133 - -2?
-20220131
In base 11, what is -1a - -110a21?
110a02
In base 4, what is -211 - 2323?
-3200
In base 11, what is 213 - 32?
191
In base 5, what is 1223242 - 14?
1223223
In base 8, what is 5 + -31331?
-31324
In base 5, what is -13410 + -200032?
-213442
In base 3, what is -1010 - 2102221100?
-2102222110
In base 2, what is -1 - 1110110010110001?
-1110110010110010
In base 8, what is -44 + 6560?
6514
In base 12, what is 769a + 6?
76a4
In base 2, what is 111011001010110111100 - -1?
111011001010110111101
In base 11, what is 10 - 2601?
-25a1
In base 10, what is 184854 - 11?
184843
In base 15, what is -5 + 290?
28a
In base 13, what is 37a - 1c0?
18a
In base 3, what is 1120011201 - 0?
1120011201
In base 8, what is -2 + -47052?
-47054
In base 3, what is -2000011111 - 2?
-2000011120
In base 7, what is 2 + -113604?
-113602
In base 10, what is 1095 - -99?
1194
In base 12, what is a5568 - -5?
a5571
In base 13, what is 3c + 1ba?
229
In base 13, what is -17 - 846?
-860
In base 13, what is -3 + 6448c?
64489
In base 15, what is -3e98 + -1d?
-3eb6
In base 8, what is -10076 + -65?
-10163
In base 10, what is -663 - 4977?
-5640
In base 13, what is 1a3 - -199?
36c
In base 11, what is -3041 - -2a?
-3012
In base 11, what is 2 - -3a51?
3a53
In base 15, what is e1 + -b1?
30
In base 15, what is -33d + -82?
-3c0
In base 16, what is fd3 - -3ef?
13c2
In base 16, what is -5d800 + -4?
-5d804
In base 2, what is 101 - 11010111111001101?
-11010111111001000
In base 7, what is 10 - 11535?
-11525
In base 10, what is -19 + -9797?
-9816
In base 7, what is -451 + 3346?
2565
In base 2, what is -10100010001 + 10010011?
-10001111110
In base 7, what is -4 + -6354604?
-6354611
In base 7, what is 40543 + 6?
40552
In base 11, what is 11 - 150?
-13a
In base 14, what is 15 + 8c4?
8d9
In base 16, what is 50 + -ed94?
-ed44
In base 5, what is 4 + -131030?
-131021
In base 13, what is -67 + 2744?
26aa
In base 11, what is -543 + 54?
-49a
In base 14, what is -3b5a0 + -c?
-3b5ac
In base 6, what is -124 + -131035?
-131203
In base 2, what is -11010 + 101100111001?
101100011111
In base 14, what is -4 - -21757?
21753
In base 14, what is 224 - -57?
27b
In base 15, what is -44 - 13de?
-1433
In base 15, what is -28 + -897?
-8c0
In base 5, what is -14220 - -2313?
-11402
In base 15, what is 3 - 212c8?
-212c5
In base 2, what is 11010001011 - 1011101?
11000101110
In base 13, what is -9514 + -4?
-9518
In base 11, what is -1896 + 10?
-1886
In base 12, what is -1 - -29598a?
295989
In base 10, what is -460011 + 2?
-460009
In base 10, what is -141161 - -9?
-141152
In base 11, what is -8685 - 6?
-8690
In base 10, what is 2 - 22105?
-22103
In base 11, what is -3 - -72033?
72030
In base 4, what is 1101 - -332?
2033
In base 15, what is 0 + 5513?
5513
In base 11, what is 5 + -76211?
-76207
In base 6, what is -443 + -240?
-1123
In base 5, what is -14104 - -144?
-13410
In base 3, what is 10101 + 111000202?
111011010
In base 7, what is 214505 - -1?
214506
In base 4, what is -11 - -2033001?
2032330
In base 12, what is 2 + -3799a?
-37998
In base 4, what is -1 + 112301133?
112301132
In base 12, what is -2155ab - 5?
-2155b4
In base 4, what is 11 + 122322133?
122322210
In base 6, what is -2 + 10230550?
10230544
In base 15, what is -2e2 - -18?
-2c9
In base 14, what is -3558c + -2?
-35590
In base 4, what is -1001023 + 21323?
-313100
In base 11, what is -12 + -679?
-690
In base 2, what is -1 - -10001000100110?
10001000100101
In base 12, what is -6b + 12?
-59
In base 13, what is 3a + 62c?
669
In base 16, what is -6204 - 1?
-6205
In base 15, what is b531 - -5?
b536
In base 8, what is -4 + 1154426?
1154422
In base 15, what is a5be - -4?
a5c3
In base 8, what is 2 - 4527?
-4525
In base 5, what is 1021 + -42143?
-41122
In base 2, what is 100000 + 10100100001?
10101000001
In base 6, what is -242 - 411?
-1053
In base 6, what is -420212 + -34?
-420250
In base 4, what is 120022013 + -1?
120022012
In base 4, what is -10102 + -130?
-10232
In base 9, what is -170 + -16138?
-16318
In base 12, what is 1b1b + 197?
20b6
In base 2, what is -100011100100101 + 11?
-100011100100010
In base 6, what is 53 - 334043?
-333550
In base 10, what is 17 - 9419?
-9402
In base 15, what is -150a - 6?
-1511
In base 13, what is c953c - -8?
c9547
In base 14, what is 3 + 235293?
235296
In base 2, what is -111000001011000100 + -101?
-111000001011001001
In base 5, what is 1341 + -202?
1134
In base 10, what is 232 + -23525?
-23293
In base 10, what is 3 + -501497?
-501494
In base 9, what is 266218 - 1?
266217
In base 11, what is -609 + 24?
-595
In base 8, what is 26 - -177522?
177550
In base 9, what is -41138 - -54?
-41074
In base 5, what is 11013 + 2?
11020
In base 8, what is 6 - -1111740?
1111746
In base 12, what is -5 + 255095?
255090
In base 3, what is 120220221022 - -2?
120220221101
In base 15, what is 1e8 - 90?
158
In base 14, what is 5d25c + 0?
5d25c
In base 14, what is 9228a + -2?
92288
In base 13, what is -71b6ba - -1?
-71b6b9
In base 3, what is 11 - 10221220000?
-10221212212
In base 14, what is 37dc04 - 2?
37dc02
In base 5, what is -131410 - 1?
-131411
In base 3, what is -20212 - 220000?
-1010212
In base 9, what is -38144 - -13?
-38131
In base 5, what is 10241310 - -34?
10241344
In base 2, what is 1 + 1010001100100011000?
1010001100100011001
In base 13, what is -1 - 67468?
-67469
In base 4, what is 130332 + 12001?
202333
In base 8, what is 122624 - 10?
122614
In base 15, what is -3d - 172b9?
-17307
In base 13, what is 0 - 27c69?
-27c69
In base 10, what is -68979 - 2?
-68981
In base 7, what is 203 + 30522?
31025
In base 14, what is -3a2 - 40?
-402
In base 5, what is 2323223 - 22?
2323201
In base 7, what is -2 + 353?
351
In base 14, what is -16 - 7ab2?
-7ac8
In base 14, what is -35 - -1b1?
17a
In base 9, what is 6033 - -1?
6034
In base 5, what is -101021 - 404?
-101430
In base 3, what is 21000 - -2001002?
2022002
In base 13, what is -144 + -462?
-5a6
In base 8, what is 2612 + 2533?
5345
In base 14, what is -945c + 1?
-945b
In base 8, what is -3562 - 0?
-3562
In base 16, what is -4343c + -1?
-4343d
In base 9, what is 13507 + -20?
13477
In base 6, what is 105231525 + -2?
105231523
In base 5, what is -2 + -1341444?
-1342001
In base 2, what is -100000 + 1110101010011001?
1110101001111001
In base 7, what is 2336513 + 3?
2336516
In base 3, what is 2210120100 - -1?
2210120101
In base 2, what is 100111100101110101 + 1000?
100111100101111101
In base 9, what is -357635 + -4?
-357640
In base 14, what is 8937 - -5?
893c
In base 10, what is 438250 - 3?
438247
In base 11, what is 3 + 98a1?
98a4
In base 7, what is 5 - 11064?
-11056
In base 3, what is 111 + 2222120002?
2222120120
In base 15, what is 235c6 - 3?
235c3
In base 2, what is -110111 + -110010111?
-111001110
In base 13, what is 5 - -105a?
1062
In base 16, what is 0 - -406?
406
In base 10, what is -102 - 1127?
-1229
In base 5, what is -2103311 - -13?
-2103243
In base 6, what is 20041132 + 4?
20041140
In base 6, what is 422 + 4523?
5345
In base 10, what is 19 + 263681?
263700
In base 10, what is -2 - 15174?
-15176
In base 10, what is 0 - -7188?
7188
In base 12, what is 6489b - 4?
64897
In base 8, what is 1 - 62040?
-62037
In base 2, what is 11001001101000111010 + 101?
11001001101000111111
In base 9, what is -102 - 2304?
-2406
In base 7, what is 304024 - 13?
304011
In base 7, what is 255 + 3200?
3455
In base 11, what is 2224 - -53?
2277
In base 7, what is 506 + -365?
111
In base 16, what is -248b - 2a?
-24b5
In base 4, what is -223123013 + 133?
-223122220
In base 5, what is 101310311 + -2?
101310304
In base 10, what is 50253 - -2?
50255
In base 10, what is -361 - 1144?
-1505
In base 13, what is -1335 + -96?
-13cb
In base 8, what is -11 - 5530?
-5541
In base 12, what is 93793 + 4?
93797
In ba